f x?
2, 5, 13
Let r(x) = -x**2 + 4*x + 16. Let t be r(7). What are the prime factors of (14/(-4))/(t/110)?
7, 11
Let d(t) = 3*t**3 - 6 - 3*t**3 - 2*t + 10 - 3*t**2 - t**3. List the prime factors of d(-3).
2, 5
Let n(r) be the third derivative of 0*r + 1/24*r**4 - 1/60*r**6 + 3*r**2 + 1/6*r**3 + 0 + 1/20*r**5. List the prime factors of n(-2).
3
Let s(x) = -4*x**3 + x**2 - 1. Let r be s(-1). Suppose -10*d - r = -12*d. Suppose i + 2*l = 7*l + 9, -5*i + 68 = -d*l. What are the prime factors of i?
2, 7
Suppose -5*o - 3*p + 17 = -10, 4*o = 2*p + 26. Suppose 2*g + 12 = o*g. Let b(c) = 8*c + 2. List the prime factors of b(g).
2, 13
Suppose -5*m + 4 = -m. Let k be 44/(m*(1 + 1)). Suppose -k - 43 = -5*j. What are the prime factors of j?
13
Let o = 106 - 103. What are the prime factors of 4*((-596)/(-16) + o)?
7, 23
Let t(h) = 10*h + 53. Let j be t(-5). Suppose -o - n = -2*n - 130, -j*o + 391 = -2*n. List the prime factors of o.
131
Let x = 145 + 15. List the prime factors of (x - 2)/(6/3).
79
Let y = -2459 - -3010. What are the prime factors of y?
19, 29
Suppose 4*i - 18 = 2. Let d(l) = -l + 4. Let u be d(i). Let s = 8 + u. List the prime factors of s.
7
Suppose 5*g - 84 = -3*f, 2*g - 21 - 24 = -5*f. Let h = g - 4. List the prime factors of h.
11
List the prime factors of (-132366)/(-91) + (-3)/(-7) - -3.
2, 3
Suppose 4*v - 129 = 375. Let u = -75 + v. What are the prime factors of u?
3, 17
Let d = 160 + -287. List the prime factors of d*1*(-5 + 4).
127
Let s(a) = a**2 + 8*a - 3. Let w be s(-7). Let d = w - -12. Suppose 3*c = d*h + 108, 108 = 3*c + 2*h + 2*h. What are the prime factors of c?
2, 3
Let v = -617 + 3324. List the prime factors of v.
2707
List the prime factors of (-4)/(-14) + ((-4724)/(-28) - 11).
2, 79
Let w = 3336 + -2324. Suppose -5*m - j = -w, 2*m + j - 91 = 315. List the prime factors of m.
2, 101
Let p(t) = 31*t - 70. What are the prime factors of p(22)?
2, 3, 17
Suppose 2*y = 2*z + 1790, 2*y + 4*z - 920 = y. List the prime factors of y/(-27)*3/(-2).
2, 5
Let v be 326/(-5 + 0 - -3). What are the prime factors of v/(-8) + 33/(-88)?
2, 5
Let w be (-12)/(-6) - (1 - 1). Let a(d) = d**2 + 5*d - 3. List the prime factors of a(w).
11
Suppose -3*p + 144 = -6*l + 3*l, -3*p = 4*l - 109. Suppose -2*f + p = -123. What are the prime factors of f?
83
Let p(y) = 6*y**2 + 2. Let b = 2 + 10. Let f = b - 10. List the prime factors of p(f).
2, 13
Let d(o) = 7*o**2 + 7*o + 11. Let j(x) = -x - 3. Let z be j(3). What are the prime factors of d(z)?
13, 17
Suppose 5*n = 2*r - 1259, -3*r + 4*n = n - 1893. Let t = -407 + r. What are the prime factors of t?
3, 5
Let t(w) = 2*w - 40. Let d be t(22). Suppose -o + 1335 = 4*o + d*y, y = 4*o - 1047. List the prime factors of o.
263
Suppose 0 = 4*f - 3*m, 2*m = -4*f - 2*m. Suppose -y + 2*y + 3*o - 175 = f, -615 = -4*y + 5*o. List the prime factors of y.
2, 5
Let r(p) be the first derivative of 7/3*p**3 + 5 - p**2 - 1/4*p**4 - 10*p. What are the prime factors of r(6)?
2, 7
Suppose -2*l = 2 + 126. Let q = -42 - l. What are the prime factors of q?
2, 11
Suppose -3*p = 2*m + 209, -4*p - 264 = -m - 0*m. Let n = -25 + p. Let j = -17 - n. List the prime factors of j.
3, 5
Suppose 5*n + h + 114 = 762, 5*h = n - 114. List the prime factors of n.
3, 43
Suppose -4*y - 4*y = -32. What are the prime factors of y*(-4 - -5)*18?
2, 3
Suppose j - 1369 = -2*w, -2*w + 354 = -4*j - 1040. List the prime factors of w.
3, 229
Let y(q) = 282*q**3 - q**2 - q + 1. List the prime factors of y(1).
281
Let y(j) = -j**3 - 4*j**2 - 2*j + 24. List the prime factors of y(-5).
59
Let p = 570 + -338. What are the prime factors of p?
2, 29
Let g(f) = 8*f - 4. Let q be g(-5). Let o = q + 70. Suppose 4 = x - o. What are the prime factors of x?
2, 3, 5
Let b = 47 + 39. Let m = -8 + b. List the prime factors of m.
2, 3, 13
Let l(i) = i**3 - 8*i**2 - 9*i + 11. Let u(v) = 3*v - 9. Let c be u(6). What are the prime factors of l(c)?
11
Suppose 20 = -4*h + 9*h. Suppose 427 + 11 = 5*q - 4*o, 4*q + h*o - 372 = 0. List the prime factors of q.
2, 3, 5
Suppose 54*n = 113*n - 274881. List the prime factors of n.
3, 1553
Let f = 3211 + -1641. List the prime factors of (-2)/(-32)*f - 1/8.
2, 7
Suppose -1 = b - l + 4, -5*l = b - 19. What are the prime factors of ((-18)/12)/(b*1/56)?
2, 3, 7
Let o = -8 + 5. Let c(f) = -160*f - 159*f - 2 + f**2 + 320*f. List the prime factors of c(o).
2
Suppose 5*z = -5*z + 7810. What are the prime factors of z?
11, 71
Suppose -3295 = -3*o - 1300. List the prime factors of o.
5, 7, 19
Let s be (-1)/(-2)*(-4 - -40). Let q be s/1*(-18)/6. Let r = 79 + q. List the prime factors of r.
5
Let n(z) = 0 + 0 - z + 0 - z**2 + 1. Let q be n(2). What are the prime factors of q/10*(-1 - 3)?
2
Let n be (75/35)/(-5) + (-102)/7. Let c = n + 82. List the prime factors of c.
67
Let y(g) = -4*g**3 - 73*g**2 + 29*g + 50. List the prime factors of y(-20).
2, 5, 227
Suppose 4*g + 87200 = 44*g. List the prime factors of g.
2, 5, 109
Let l = -41 - 4. Let r = 8 - l. List the prime factors of r.
53
Let y(a) = a**3 + 18*a**2 - 12*a - 44. Let k be 6/(-2) - (4 + -1 - -12). What are the prime factors of y(k)?
2, 43
Let q = -1207 - -2257. What are the prime factors of q?
2, 3, 5, 7
Suppose -3*y - 2*b - 70 = 0, 0*b = -2*y - 2*b - 48. Let r = 43 + y. What are the prime factors of r?
3, 7
Suppose 3*d = -t + 26, -36 = -4*t + d + 55. Let s = 199 - t. What are the prime factors of s?
2, 11
Let c(q) = 3*q**2 - 2*q - 18. Let y be c(8). Let a = y + -47. Let m = a + -55. List the prime factors of m.
2, 7
Let x(q) = q**3 - 5*q**2 - 5*q - 3. Let n be x(6). Suppose 0 = b + 2*h + 2*h - 70, -n*h - 135 = -3*b. What are the prime factors of b?
2, 5
Let l(h) = -5*h + 13. Let o be l(-16). List the prime factors of o/6*-5*12/(-15).
2, 31
Suppose v - 5*w = 4*v - 11125, 3699 = v - 3*w. What are the prime factors of v?
3, 5, 13, 19
Let u(v) = 1 + 0 + v + 6. List the prime factors of u(4).
11
Suppose -h - g + 859 = 0, h + 2*g - 480 = 382. List the prime factors of h.
2, 107
Suppose -5*f + 4*f = 0. Let q(m) = m**3 + 16. What are the prime factors of q(f)?
2
Let i(l) = l**3 - 3*l**2 + 3. Let p be i(3). Suppose -2*u = -p*v + 67, 1 + 10 = -u - 3*v. What are the prime factors of (4/4)/((-2)/u)?
13
Let l = 0 - -5. What are the prime factors of l/(-5)*61*-1?
61
What are the prime factors of (-224)/72 - -3 - 3044/(-18)?
13
Suppose -5862 + 1004 = -14*s. What are the prime factors of s?
347
Suppose 0 = -q + 240 + 14. List the prime factors of q.
2, 127
Let h = 5 + 0. Suppose h*p = p - 20. Let o = p + 23. List the prime factors of o.
2, 3
Let y(b) = 6*b**2 + 4 + 13*b + 5*b**2 - 11*b. List the prime factors of y(-2).
2, 11
Suppose 5*p - t - 16 = -0*t, -p = -3*t - 6. Suppose -3*u - 2 = 4*y + 2, 0 = p*y - 4*u + 3. List the prime factors of 0 + 2 + y + 16.
17
Let i(q) = -13*q + 2. Let m be i(-2). Let x be 8/m + 724/14. Suppose -u + x = 2*u - o, -2*u + 29 = 5*o. List the prime factors of u.
17
Let c(d) = -11*d**3 + 2*d**2 + 24*d + 4. List the prime factors of c(-4).
2, 7, 23
Let w = -188 - -137. Suppose -4*x = -0*x + 2848. List the prime factors of x/(-17) + (-6)/w.
2, 3, 7
Let r = -38 - -36. Let b = -5 + 40. List the prime factors of (r + 18)*b/28.
2, 5
Let n(i) = -7*i**3 - 3*i**2 + 12*i + 17. List the prime factors of n(-4).
3, 41
Suppose 0 = -4*f + 12*f + 96. List the prime factors of (-1328)/f - (-2)/6.
3, 37
Let t be 9 - (-7)/((-7)/3). Suppose -7*f = -t*f - 666. What are the prime factors of (-6)/(-14) - f/(-14)?
2, 3
Let o(g) = -169*g + 249. List the prime factors of o(-6).
3, 421
List the prime factors of 1*(2756/6)/(4/12).
2, 13, 53
Suppose -5*w = -2*j - 8, 0 = -0*w - 4*w + j + 7. Let z be ((-96)/60)/((-2)/5). Suppose -z = g - 0, 2*x - w = -5*g. What are the prime factors of x?
11
Let a(u) = 13*u - 594. What are the prime factors of a(48)?
2, 3, 5
Let v(g) be the first derivative of 4 + 3*g + 1/3*g**3 - 3/2*g**2. List the prime factors of v(4).
7
Suppose -v + 8*v = 448. List the prime factors of v + 2 + -1 + 3.
2, 17
Suppose -2*q + 5*b = -10, 3*q - q + b - 10 = 0. Let c be (52/(-13))/((-4)/q). List the prime factors of (-2)/c - (-574)/10.
3, 19
Suppose 4*s + 5*g = 2008, 5*s + g - 2024 = s. List the prime factors of s.
3, 13
Let d(q) = 208*q + 132*q - 4 - 80*q. Let x be d(-4). What are the prime f